 + -73. Suppose -5*m = -o*m + 24. Let g(f) = -2*f**2 + f + 4. What is g(m)?
-11
Let c(t) be the third derivative of -t**7/5040 - t**6/144 - t**5/12 - 5*t**3/3 - 174*t**2. Let w(r) be the third derivative of c(r). Calculate w(10).
-15
Suppose -15 = 93*b - 90*b - 4*t, 3*t - 14 = 5*b. Let v(r) = -50*r**2 + r + 1. Determine v(b).
-50
Let z(c) = 4*c**2 + c. Let i(k) = 7*k**2 + 120*k + 24. Let o be i(-17). Let s be ((-2)/14)/((-8)/o + 1). What is z(s)?
5
Let k(d) = -d - 1. Let a(p) = -10*p**2 + p - 79. Let v be a(7). Let w = v - -554. Determine k(w).
7
Suppose 0 = -46*g - 8 + 192. Let r(p) = -p**3 + 8*p**2 - 12*p - 1. What is r(g)?
15
Let b = 1044 + -1052. Let g(l) = -l**2 + 8*l + 15. Give g(b).
-113
Let x(f) be the second derivative of -23*f**3/3 + 442*f + 4. What is x(3)?
-138
Let x be 94/(-18) - (-2)/9. Let t be (2*x/(-2))/(-1). Let l(f) be the second derivative of -f**4/12 - f**3/3 + 7*f**2/2 + 28*f + 4. Calculate l(t).
-8
Let w(b) = b - 4. Let g = 49 - 47. Let i be -4 + 36/(2 + g). Suppose n + 3*n - 29 = -i*a, 0 = 5*a - 3*n - 22. Determine w(a).
1
Suppose -5*p - z = 38 - 12, -2*p = 3*z. Let u(a) = -2*a**2 - 40*a + 6. Let q(c) = -3*c**2 - 57*c + 8. Let m(g) = -5*q(g) + 7*u(g). Determine m(p).
8
Let h(p) be the third derivative of p**4/6 - 23*p**3/6 + 7*p**2. Let s be h(7). Let u(d) = d**2 - 4*d - 3. What is u(s)?
2
Suppose -20 = 2*b + 2*t, 39 = 2*b - 2*t + 55. Let v(c) = c + 12. Calculate v(b).
3
Let r(y) = y**3 - 8*y**2 - 4*y - 40. Suppose 25*c + 150 = 40*c. Calculate r(c).
120
Let r(c) be the second derivative of -1/2*c**3 - 1/20*c**5 + 1/2*c**2 + 1 + 15*c + 1/3*c**4. What is r(3)?
1
Let t(y) = -y**3 - 19*y**2 - 30*y + 42. Let i be 7*1 + (48/(-10))/((-96)/(-480)). Give t(i).
-26
Let h(s) be the third derivative of -s**5/60 - 7*s**4/12 - 17*s**3/6 + 14*s**2 + 6*s. Let c = -53 - -41. Determine h(c).
7
Let w(c) = c**2 - 4*c + 7. Let y be (2/(-1))/(6*6/(-54)). Let a(u) = u**2 - 3*u + 7. Let v(l) = y*a(l) - 2*w(l). Let o = -16 - -16. What is v(o)?
7
Suppose -3*x - 13 - 2 = 0. Let n be 84 + -81 + (-2 - -4)/(-2). Let c(o) = -3 - 7*o**n + 0*o + o + o + 8 + 8*o**2. Determine c(x).
20
Let r(x) be the second derivative of 0 - 1/12*x**4 + 0*x**2 - 96*x - 5/6*x**3. Calculate r(-5).
0
Let m(n) be the second derivative of n**3/2 + 9*n**2/2 - 29*n. Let q be (24/(-20))/(6/200*5). Determine m(q).
-15
Let p be (-128)/(-8)*3/6. Let x be (2/(p/6))/((-195)/520). Let a(r) = -r**3 - 4*r**2 - 6*r - 1. Determine a(x).
23
Let s(b) = 16*b**2 + 12*b - 9. Let z be 18/24*(-132)/(-9). Let c(i) = -6*i**2 - 4*i + 3. Let o(p) = z*c(p) + 4*s(p). Determine o(3).
-9
Let z(m) = -5*m**2 - 1. Let r(p) = 6*p**2 + 1. Let t(i) = -3*r(i) - 4*z(i). Let n = -523 + 524. Determine t(n).
3
Let t(a) be the first derivative of -21*a**2/2 - 14*a + 5190. Determine t(-3).
49
Let k = 255 + -253. Let n(i) = -i - 5 - k*i**2 + 6 + i**2 + 4*i**3. Determine n(1).
3
Let h(q) = q**2 + 8. Let f = -10 - -8. Let k be 12/((-3)/f*(-6)/36). Let l be (-6)/10 + (k/20)/(-4). Give h(l).
8
Let z(f) be the first derivative of -f**4/2 + f**3/3 - f**2 + 38*f - 606. Determine z(0).
38
Let k(y) be the second derivative of -y**3/2 - 7*y**2/2 - 352*y. What is k(6)?
-25
Let g(u) = -2*u**3 + 3*u**2 - 2. Let t(q) = -3*q**3 + 19*q**2 - 29*q + 6. Let a(f) = g(f) - t(f). Give a(14).
6
Let x(i) = i**2 + 2*i - 66. Let w be (-4 - 216/(-52))/((-46)/(-1794)). Give x(w).
-18
Let y(s) = -s**2 + 6*s - 10. Let n(f) = -f**2 + 6*f - 11. Let k(g) = 6*n(g) - 7*y(g). Let i be -11 + (26 - 22/2). Determine k(i).
-4
Let u(a) = 4*a**2 + 4*a - 59. Let k(p) = 3*p**2 + 6*p - 54. Let s(j) = 5*k(j) - 4*u(j). Determine s(14).
-34
Let y(r) = 2*r**2 - 13*r + 122. Let u(i) = i**2 - 5*i + 65. Let k(q) = 5*u(q) - 3*y(q). What is k(7)?
8
Let o(h) = 39*h - 45*h + 2*h**2 - h**2 - 1. Let m = 27 - 8. Suppose t - m = -14. Give o(t).
-6
Let o(r) = r**2 + 12*r + 15. Let f be o(-11). Let z(w) = -5*w + 4 + 2*w + f*w. Let p(u) = 4*u + 20. Let q be p(-6). Give z(q).
0
Let y(z) be the third derivative of -z**5/20 - 5*z**4/8 + z**3/2 - 24*z**2 - 25. Give y(-5).
3
Let l(v) be the third derivative of -v**5/60 - 5*v**4/24 - 4*v**3/3 + 114*v**2. Let m = 44 - 41. Suppose -31 = 4*i - 3*i + 5*y, 0 = i - m*y - 9. Calculate l(i).
-14
Let q(i) = -i**3 - i**2 + 4*i + 4. Let u be 365 + -2 + (-12)/4 + 8. Let v = u + -371. Determine q(v).
10
Let v(c) = c**3 - 6*c**2 + 3*c + 3. Let z = 122 + -193. Let t = z + 50. Let u be t/(-6) - (-2 - (-15)/6). What is v(u)?
-15
Let j(d) = 60*d + 1187. Let a be j(-20). Let n(k) = k**3 + 13*k**2 - 5*k - 35. What is n(a)?
30
Let x(f) be the first derivative of 1/2*f**4 + f + 131 - 5/2*f**2 + 1/3*f**3. Calculate x(2).
11
Let p(z) = 0 - 2*z + 6 - 3. Let h = -672 + 669. Let y(i) = 6*i - 9. Let u(w) = h*y(w) - 8*p(w). What is u(3)?
-3
Let v(j) = 97*j + 91. Let x(u) = -208*u - 181. Let a(m) = -13*v(m) - 6*x(m). What is a(-7)?
-6
Let b(d) = 0*d + d - 24*d - 58 + d + 26*d. What is b(17)?
10
Suppose -7*t + 4*n = -3*t + 4, -2*n + 6 = -4*t. Let j(p) = 3*p**2 - 8. Let o be j(t). Let m(v) = -3*v**2 + 0 + 0*v - 4 + v**3 + v**2 - 4*v. What is m(o)?
12
Let r(f) = -f. Let p(g) = 19*g + 218. Let x be p(-12). Let h be (5/x)/((-3)/48). Determine r(h).
-8
Let u(t) = t**2 + t - 8. Let z(m) = -16*m**3 + 5*m**2 - 6*m + 4. Let w be z(3). Let r = w + 395. What is u(r)?
22
Let k(s) be the third derivative of s**4/12 - 13*s**3/6 - 13*s**2 - 28*s - 1. Calculate k(-5).
-23
Let j(c) be the third derivative of c**4/12 + 2*c**3/3 + 19*c**2. Let s be ((-3)/3)/((-4)/8) + 3. Give j(s).
14
Let i(f) = -2 - 18*f**3 - 4*f**2 - 7145*f - 7146*f + 14296*f. Calculate i(1).
-19
Let f(o) = -o**3 - 11*o**2 - o - 25. Let j be 4/(-22) + (-30583)/2827. Calculate f(j).
-14
Let h(f) = 2*f**3 - 15*f**2 - 26*f - 17. Let q be h(9). Let a(s) = -s**3 - 7*s**2 + 5*s - 7. What is a(q)?
17
Let p(r) = -r**2 + 5*r + 24. Let n be p(8). Suppose -2*i = -5*l - n*i - 17, -2*i = 3*l + 23. Let u(b) = b**3 + 5*b**2 + 4*b + 2. Give u(l).
-18
Let o = -235 - -237. Let t(u) = -12*u**2 + 13*u**o - 12*u + 15 - 5 + 3*u. Suppose -3*x = -8*x + 2*z + 48, 28 = 5*x + 3*z. What is t(x)?
2
Suppose 3*z = 0, 0*a = -2*a + 2*z + 30. Suppose a*k - 12*k = 12. Suppose -3*w - 4 = 4*o, -k*o + w = 8 + 12. Let u(d) = d**2 + 6*d. Determine u(o).
-8
Let n be (0 + 0)/((-7*45/(-63))/5). Let z(s) be the third derivative of 0 + n*s**3 + 1/24*s**4 + 0*s - 4*s**2. What is z(8)?
8
Let i(w) = 3*w + 6. Let y(r) = -12 + 4 + 2 + 3 + 51*r. Let d be y(0). What is i(d)?
-3
Let f(g) = -g**3 + g**2. Let v be f(0). Suppose -5*p + 27 + 3 = v. Suppose 15 = p*q - 9. Let u(z) = 2*z - 2. Determine u(q).
6
Let w(u) be the third derivative of u**6/360 + 13*u**5/120 + 7*u**4/12 - 215*u**3/6 - 171*u**2. Let q(a) be the first derivative of w(a). Determine q(-12).
2
Let c(m) = m**2 - 4*m - 120. Let g be (-4 - 1)*(-7)/(-5) + (14 - -6). What is c(g)?
-3
Let g(h) = -h**3 - 3*h**2 + 7*h - 7. Suppose 172*l - 948 = 330*l. What is g(l)?
59
Let d(q) be the second derivative of -q**3/6 + q**2/2 - q + 1604. Let o be ((-2)/3)/((-4)/12). Calculate d(o).
-1
Let w = -49 - -52. Let p(l) = -l**2 - 2 + 5*l**3 + l - 24*l**3 + 4*l**3 + 6*l**w + 7*l**3. Calculate p(-2).
8
Let n(x) = 23*x**3 - x**2 - x - 1. Suppose 8*c + 532 = 4*c - 4*s, -4*c - 526 = 2*s. Let i = c - -129. Give n(i).
-24
Let x(d) be the third derivative of -d**5/60 + d**4/8 - 3*d**3/2 - 174*d**2 + 1. Calculate x(0).
-9
Let m(h) = -h**3 + 2*h**2 - 5*h + 2. Suppose 533*b = 528*b + 20. Suppose 0*q - 3*c = 5*q - 24, -b*q - 5*c = -27. What is m(q)?
-22
Let v(o) be the third derivative of -o**6/120 - o**5/10 - 5*o**4/24 - 5*o**3/6 - 199*o**2. Let z = -147 - -142. What is v(z)?
-5
Let l(t) = -4*t**3 - t**2 - 135*t + 455. Let o(x) = -5*x**3 - 147*x + 455. Let r(j) = -6*l(j) + 5*o(j). What is r(6)?
-5
Let t(w) = w**2 + w + w**2 - w - 3*w. Let l(q) = 3*q**2 - 7*q - 1. Let i be 1/(2 - 3) - (-27 - -21). Let z(n) = i*t(n) - 3*l(n). Determine z(-4).
-5
Suppose 4*d = 13055 - 13015. Let j(y) = -y - 29. What is j(d)?
-39
Let p(g) = g**3 + g**2 - 6*g + 6. Let y be p(0). Suppose -y*f + 18 = 24. Let r(m) = -36*m**2 + m. Determine r(f).
-37
Let n(z) be the first derivative of -5/24*z**4 + 3 - z**2 - 1/2*z**3 + 0*z. Let s(m) be the second derivative of n(m). Determine s(-3).
12
Let b(c) be the second derivative of c**4/12 - 4*c**3/3 + 9*c**2/2 